{"id":70,"date":"2012-12-08T11:42:07","date_gmt":"2012-12-08T10:42:07","guid":{"rendered":"http:\/\/aer.servantweb.fr\/?page_id=70"},"modified":"2012-12-08T12:10:28","modified_gmt":"2012-12-08T11:10:28","slug":"172-maquettes-plastique-aer","status":"publish","type":"page","link":"https:\/\/aer.servantweb.fr\/?page_id=70","title":{"rendered":"1\/72 plastique AER"},"content":{"rendered":"<p><span style=\"font-family: Arial,sans-serif;\"><span style=\"font-size: small;\">AER est une entreprise Moldave. La Moldavie se trouve situ\u00e9e entre Roumanie et Ukraine, sur le delta du Danube vers la Mer Noire. La soci\u00e9t\u00e9 AER a h\u00e9rit\u00e9 du savoir faire en mati\u00e8re de cr\u00e9ation des moules et de moulage en plastique des mod\u00e8les de v\u00e9hicules et avions. AER est sous tra\u00eetant de nombreux moules des engins russes pour la plupart des marques qui se contentent de cr\u00e9er une bo\u00eete d\u00e9cor\u00e9e et le transfer qui convient pour le pays de vente. AER produit \u00e9galement ses propres box-arts.<\/span><\/span><\/p>\n<p>L&rsquo;\u00e9chelle 1\/72 permet de cr\u00e9er des sc\u00e8nes de grande ampleur, son co\u00fbt est moindre et surtout, elle est utilis\u00e9e en mod\u00e9lisme a\u00e9rien et c&rsquo;est l&rsquo;\u00e9chelle reine du ferroviaire en Grande-Bretagne (\u00e9chelle 00); pour les r\u00e9seaux europ\u00e9ens en H0 (1\/86) on cr\u00e9era un effet de perspective en pla\u00e7ant les v\u00e9hicules au 1\/72 au premier plan et ceux au 1\/86 \u00e0 l&rsquo;arri\u00e8re plan<\/p>\n","protected":false},"excerpt":{"rendered":"<p>AER est une entreprise Moldave. La Moldavie se trouve situ\u00e9e entre Roumanie et Ukraine, sur le delta du Danube vers la Mer Noire. La soci\u00e9t\u00e9 AER a h\u00e9rit\u00e9 du savoir faire en mati\u00e8re de cr\u00e9ation des moules et de moulage &hellip; <a href=\"https:\/\/aer.servantweb.fr\/?page_id=70\">Continuer la lecture <span class=\"meta-nav\">&rarr;<\/span><\/a><\/p>\n","protected":false},"author":2,"featured_media":0,"parent":0,"menu_order":0,"comment_status":"open","ping_status":"open","template":"","meta":{"footnotes":""},"class_list":["post-70","page","type-page","status-publish","hentry"],"_links":{"self":[{"href":"https:\/\/aer.servantweb.fr\/index.php?rest_route=\/wp\/v2\/pages\/70","targetHints":{"allow":["GET"]}}],"collection":[{"href":"https:\/\/aer.servantweb.fr\/index.php?rest_route=\/wp\/v2\/pages"}],"about":[{"href":"https:\/\/aer.servantweb.fr\/index.php?rest_route=\/wp\/v2\/types\/page"}],"author":[{"embeddable":true,"href":"https:\/\/aer.servantweb.fr\/index.php?rest_route=\/wp\/v2\/users\/2"}],"replies":[{"embeddable":true,"href":"https:\/\/aer.servantweb.fr\/index.php?rest_route=%2Fwp%2Fv2%2Fcomments&post=70"}],"version-history":[{"count":4,"href":"https:\/\/aer.servantweb.fr\/index.php?rest_route=\/wp\/v2\/pages\/70\/revisions"}],"predecessor-version":[{"id":88,"href":"https:\/\/aer.servantweb.fr\/index.php?rest_route=\/wp\/v2\/pages\/70\/revisions\/88"}],"wp:attachment":[{"href":"https:\/\/aer.servantweb.fr\/index.php?rest_route=%2Fwp%2Fv2%2Fmedia&parent=70"}],"curies":[{"name":"wp","href":"https:\/\/api.w.org\/{rel}","templated":true}]}}